*q**2 - 6*q. Let n be h(w). Suppose 0 = -12*g + 16*g - n. Calculate the remainder when g is divided by 39.
38
Let y be ((-1)/3)/(6 + 110/(-18)). Suppose 4*s - 64 = -y*m, 38 = 2*m - 70*s + 68*s. Calculate the remainder when 52 is divided by m.
12
Suppose -34*v + 22*v + 132 = 0. Calculate the remainder when 273 is divided by v.
9
Let b(i) = 7*i**2 + 143*i + 348. What is the remainder when b(-28) is divided by 304?
8
Let a be 6/18*1*21*-61. What is the remainder when (-1)/((-1707)/a - 4) is divided by 43?
40
Let s be 12*(-1 - 6/(-4)). Let k(q) = -q**3 + 7*q**2 - 3*q + 8. Suppose -37*u - 6218 = -6736. What is the remainder when k(s) is divided by u?
12
Suppose -2*d + 4 - 12 = 0. Let a be 1/d + 57*(-134)/(-24). Calculate the remainder when 62/(-93)*a/(-4) is divided by 16.
5
Suppose 6 = -22*t + 23*t, -k = -3*t - 133. Calculate the remainder when 155 is divided by k.
4
Suppose y + 3 - 2 = 0. What is the remainder when 6*(2/(-6))/((-5)/95) is divided by (-9 - -10)/(y/(-8))?
6
Suppose 6*w - 2*v = 2*w + 4656, -4*w - 2*v + 4656 = 0. Suppose -69*o + 57*o + w = 0. What is the remainder when o is divided by 30?
7
Let n = 50 + -50. Suppose -21*y + 85 - 1 = n. Calculate the remainder when 12 is divided by y.
0
Let j be (-45)/10*(-14)/(-21). What is the remainder when 105 is divided by -30*6/(-5)*j/(-6)?
15
Let s = -1457 + 1475. What is the remainder when (-591)/(-3) + (-3 - -2) is divided by s?
16
Let a be 10/((7 - 8)*-1). Suppose 19*t + a*t = 290. What is the remainder when 248 is divided by t?
8
Let h be (-2)/(-5) - ((-67248)/(-20))/(-4). Let o = h - 796. What is the remainder when ((-134)/(-3))/(3/18) is divided by o?
43
Let v = 2686 - 2686. Suppose -l - 4*f = -20, 2*l - f - 15 = l. Suppose -8*k + l = -v*k. What is the remainder when 10 is divided by k?
0
Let l = -91 + 313. Suppose 290 = 227*q - l*q. What is the remainder when q is divided by 15?
13
Let o(g) = -1169 + 5*g**2 + g - g**3 + 0*g + 1170. Let k = 62 + -58. What is the remainder when o(k) is divided by 9?
3
What is the remainder when ((-1056)/1134 - 30/(-35)) + (-2420348)/(-189) is divided by 70?
66
What is the remainder when 187 is divided by 116/8 + (-245)/98?
7
Suppose 5*g + 0*x + 4*x = 838, 2*g - 338 = -3*x. Let c(o) = -22*o**3 - 21*o**3 + 43 + 42*o**3 - 15*o**2. Calculate the remainder when g is divided by c(-15).
37
Let g be 2/(-2) - 38/(-2). Calculate the remainder when (-1013 - -424)*(-1)/19 is divided by 748/36 + 4/g.
10
Suppose 4*a - 3*t - 43 + 47 = 0, 10 = -5*a + 5*t. What is the remainder when 219 is divided by (-151 - -145)/(a/(-14)*3)?
9
Suppose -232*t + 231*t + 5 = 0. Suppose -v = -0*v - t*o - 22, o = v - 14. What is the remainder when v is divided by 2?
0
Suppose 11*n = 8*n + 96. Let g be 20/n*5 - (-1)/(-8). Suppose -g*y = -2*r - 126, 5*y - 2*r - 13 - 201 = 0. Calculate the remainder when y is divided by 5.
4
Suppose v = 2*q - 4, -q + 16 = 5*v - 8. Suppose -r + b + 26 + 3 = 0, -q*r + 2*b = -126. What is the remainder when r is divided by 13?
8
What is the remainder when 215 is divided by (132/(-8) - 2)*2*(1 + -2)?
30
Suppose -5*j = -g + 1380, 38*g - 36*g = -3*j + 2812. What is the remainder when g is divided by 157?
144
Let t(a) = 7*a - 87. Let p be t(11). Calculate the remainder when p/120 - (-1300)/48 is divided by (-14)/(-8) + (-2)/(-8).
1
Suppose 3702 = 17*m - 2*k, 64*m + 1098 = 69*m + 4*k. Calculate the remainder when 2614 is divided by m.
216
Suppose d = 5 - 1, 2*i + 4 = d. Suppose i = 3*s + 8 - 20. Suppose -4*n - 3 = -3*c, 0 = s*n - n + 2*c - 19. Calculate the remainder when 16 is divided by n.
1
Suppose -274*y + 83431 = -269*y - 3*q, 50051 = 3*y + 2*q. What is the remainder when y is divided by 37?
35
Suppose 0 = -14*w - 169*m + 171*m + 2840, -m = -8. Calculate the remainder when 825 is divided by w.
9
Let c(k) be the first derivative of 13*k**2/2 - 209*k - 42. Suppose 6 - 3 = -3*i, -2*d + 70 = -2*i. Calculate the remainder when d is divided by c(17).
10
Suppose -26*d + 25*d + 68 = 3*a, 3*d - 204 = 5*a. What is the remainder when 212 is divided by d?
8
Suppose -u + 10 + 11 = 0. Calculate the remainder when (-21 - -16) + 5 + 334/2 is divided by u.
20
Suppose 4*f - 2*k = 516, -3*f + 6*k + 361 = 11*k. Calculate the remainder when 738 is divided by f.
103
Let p(d) = d**3 + 7*d**2 + 2*d - 1. Let b = 771 - 631. Calculate the remainder when p(-6) is divided by (-4 - b/(-21))/(4/18).
11
Let n = 4870 + -3260. Suppose -2*q = -4*b - n, -q - 67 + 860 = b. Calculate the remainder when q is divided by 25.
22
Suppose 0 = y - 5*g - 48, -22*y + 24*y - 3*g = 47. What is the remainder when 1865 is divided by y?
6
Suppose m - 2*x = 6259, -20*x - 6287 = -m - 25*x. Calculate the remainder when m is divided by 32.
27
Calculate the remainder when 60 is divided by (-3 - 44/(-16))*9*(-24)/18.
0
Suppose -105 = -14*j - j. Suppose -j*w + 39 = -31. Calculate the remainder when 77 is divided by w.
7
Let r be (-2)/(-4)*41*2. Suppose 19 = 5*k - r. Suppose -5*f + 57 = 3*s - 217, 5*s - 5*f = 390. What is the remainder when s is divided by k?
11
Calculate the remainder when (-216027)/(-81) - 2*3*1 is divided by 72.
69
Let g(d) = 64*d + 129. Let c(h) = -6*h - 91. Let a be c(-16). What is the remainder when g(a) is divided by 41?
39
Suppose -6*z + 2*z + 776 = 0. Suppose -52*d + 16 = -3416. Calculate the remainder when z is divided by d.
62
Calculate the remainder when 406 is divided by 136/(-40)*-5*1.
15
Let g(r) = -376*r - 342. What is the remainder when 1387 is divided by g(-1)?
27
Let g = -31 + 44. Let h be (-10)/(-35) - (52/(-14) - 3). Calculate the remainder when -1 + 148*h/28 is divided by g.
10
Suppose 68 + 468 = 4*x. Suppose 2*l - 294 - 242 = 0. Let y = l + -223. Calculate the remainder when x is divided by y.
44
Let t(c) = c**3 + 13*c**2 - 12*c + 6. Let d be t(-13). Suppose -d = -2*w - 132. Calculate the remainder when 83 is divided by w.
8
Let n(u) = u**3 - 16*u**2 - 4*u + 3. Let h be n(17). Let o = 1 - -1. Suppose -o*x = -10*x + h. Calculate the remainder when x is divided by 7.
0
Let l = 1150 + -584. Let w = l - 536. What is the remainder when 537 is divided by w?
27
What is the remainder when ((-87)/4)/(-1 + 750/840) is divided by 70?
63
Let f(d) = -d**2 + 26*d + 55. Let t be f(27). Suppose -y = -14 - t. Calculate the remainder when y is divided by 15.
12
Let l be (-1 - (-18)/10) + 7/35. Calculate the remainder when -16*-1*(-5)/(-2) is divided by 54/8 - (-3)/(-4)*l.
4
Suppose 23*t - 27*t - y = -63, -4*t + 69 = 3*y. What is the remainder when 386 is divided by t?
11
Let n(k) = 45*k**2 - 4*k - 3. Let z be 2 + 3 - (6 + -1). Let f(s) = s**3 - s**2 - 1. Let j be f(z). What is the remainder when n(j) is divided by 13?
7
Let d(v) = v**3 + 8*v**2 - 3*v - 12. Calculate the remainder when (4/(-6))/((-64)/10272) is divided by d(-8).
11
Suppose o = -11*o + 36. Calculate the remainder when (-68)/(o/12*-4) is divided by 12.
8
Suppose -s - 2*s = 18. Let m(r) = 2*r**2 + 3*r - 6. What is the remainder when (-21760)/(-238) - 9/21 is divided by m(s)?
43
Let p = 3299 + -1392. Calculate the remainder when p is divided by 106.
105
Let r(a) = -53*a - 30. Let h be r(-3). What is the remainder when 22 is divided by 2/(-6) + h/9*1?
8
Let m(i) = i**2 + 29*i - 168. Let n be m(5). Suppose 7 + 27 = s + n*z, -5*s - 5*z = -155. What is the remainder when s is divided by 23?
5
Let i(p) = -2*p**3 + 30*p**2 - 33*p - 6. Let h be i(13). Let t = -229 + h. What is the remainder when 28 is divided by t?
4
Suppose -o - 7 = -w, w + 4*w - 70 = -2*o. Suppose -68 + 176 = w*k. Calculate the remainder when (-1 - 1)/(1/(-8)) is divided by k.
7
Let b = -13893 - -14058. Calculate the remainder when 5113 is divided by b.
163
Let y be 5 + -6 + 0 + (-1 - -32). What is the remainder when 62 is divided by 7 - y/(-6) - -4?
14
Suppose 7 + 5 = 3*i. Let x = 900 + -830. Calculate the remainder when (-6 - 30/(-4)) + x/i is divided by 3.
1
Let z = 19 - 73. Let w = -37 - z. Suppose 7*s - 2*s + 2*l = 577, l = 2*s - 238. What is the remainder when s is divided by w?
15
Suppose 0 = 2*k - 16*a + 18*a - 6758, -5*k = -4*a - 16850. What is the remainder when k is divided by 75?
74
Let p = -223 + 215. What is the remainder when (-8)/p*(17 - 3) is divided by 2?
0
Let l = -3870 + 3961. Calculate the remainder when l is divided by 5.
1
Let z(m) = 16*m**2 - 9*m - 9